{"id":37,"date":"2025-03-13T11:18:32","date_gmt":"2025-03-13T11:18:32","guid":{"rendered":"https:\/\/hosting1732805979.freekru.pl\/bhplabor\/?page_id=37"},"modified":"2025-03-13T11:33:30","modified_gmt":"2025-03-13T11:33:30","slug":"kodeks-pracy","status":"publish","type":"page","link":"https:\/\/hosting1732805979.freekru.pl\/bhplabor\/kodeks-pracy\/","title":{"rendered":"KODEKS PRACY"},"content":{"rendered":"\n<p>Prawo pracy<strong>&nbsp;to og\u00f3\u0142 norm i regulacji w zakresie stosunku pracy konkretnego pracownika i pracodawcy jako stron stosunku pracy oraz regulacji dotycz\u0105cych pracodawc\u00f3w i pracownik\u00f3w.<\/strong><\/p>\n\n\n\n<p><strong>W systemie prawa pracy podstawowym aktem prawnym reguluj\u0105cym wzajemne prawa i obowi\u0105zki stron stosunku pracy jest&nbsp;<\/strong><a href=\"https:\/\/pl.wikipedia.org\/wiki\/Kodeks_pracy\"><strong>Kodeks pracy<\/strong><\/a>.<\/p>\n","protected":false},"excerpt":{"rendered":"<p>Prawo pracy&nbsp;to og\u00f3\u0142 norm i regulacji w zakresie stosunku pracy konkretnego pracownika i pracodawcy jako stron stosunku pracy oraz regulacji dotycz\u0105cych pracodawc\u00f3w i pracownik\u00f3w. W systemie prawa pracy podstawowym aktem prawnym reguluj\u0105cym wzajemne prawa i obowi\u0105zki stron stosunku pracy jest&nbsp;Kodeks pracy.<\/p>\n","protected":false},"author":1,"featured_media":0,"parent":0,"menu_order":0,"comment_status":"closed","ping_status":"closed","template":"prawo-pracy","meta":{"footnotes":""},"class_list":["post-37","page","type-page","status-publish","hentry"],"_links":{"self":[{"href":"https:\/\/hosting1732805979.freekru.pl\/bhplabor\/wp-json\/wp\/v2\/pages\/37","targetHints":{"allow":["GET"]}}],"collection":[{"href":"https:\/\/hosting1732805979.freekru.pl\/bhplabor\/wp-json\/wp\/v2\/pages"}],"about":[{"href":"https:\/\/hosting1732805979.freekru.pl\/bhplabor\/wp-json\/wp\/v2\/types\/page"}],"author":[{"embeddable":true,"href":"https:\/\/hosting1732805979.freekru.pl\/bhplabor\/wp-json\/wp\/v2\/users\/1"}],"replies":[{"embeddable":true,"href":"https:\/\/hosting1732805979.freekru.pl\/bhplabor\/wp-json\/wp\/v2\/comments?post=37"}],"version-history":[{"count":2,"href":"https:\/\/hosting1732805979.freekru.pl\/bhplabor\/wp-json\/wp\/v2\/pages\/37\/revisions"}],"predecessor-version":[{"id":102,"href":"https:\/\/hosting1732805979.freekru.pl\/bhplabor\/wp-json\/wp\/v2\/pages\/37\/revisions\/102"}],"wp:attachment":[{"href":"https:\/\/hosting1732805979.freekru.pl\/bhplabor\/wp-json\/wp\/v2\/media?parent=37"}],"curies":[{"name":"wp","href":"https:\/\/api.w.org\/{rel}","templated":true}]}}